b + 153, -3*v + 3*b = -165. What is the remainder when 354 is divided by v?
48
Let h = -17 - -20. Let q(r) = r**2 + 2*r. What is the remainder when q(-7) is divided by -1 + 16 - h/1?
11
Let g(z) = -z**2 + 18*z - 37. What is the remainder when 131 is divided by g(6)?
26
What is the remainder when 267 is divided by ((-54)/(-45))/(27/765)?
29
Let h(c) = c - 3. Let n be h(10). Suppose -n*k + 103 = -16. Calculate the remainder when 61 is divided by k.
10
Let f(k) = k**2 + 6*k - 4. Calculate the remainder when f(7) is divided by -15*(52/(-25) - 1 - 18/(-225)).
42
Let b = 124 + -80. Suppose -28*g + 32*g - b = 0. Let a = 1 + 3. Calculate the remainder when g is divided by a.
3
Let p(c) = -5*c + 2*c**2 + 6 - 7*c + 8 - 7. Let w be p(8). Let b = w - -37. What is the remainder when b is divided by 26?
24
Let v = -239 - -244. Calculate the remainder when v is divided by 5.
0
Suppose 0 = 3*c - 5*c + 34. Suppose 5*o - 3 = c, -o + 34 = 5*s. Suppose 3*u - 27 = 21. Calculate the remainder when u is divided by s.
4
Let w = -223 + 228. What is the remainder when 18 is divided by w?
3
Let j(h) = -2*h - 11. Let b be j(-9). Let q(s) = b + 4*s - 2*s**2 - 16*s - 2. What is the remainder when 17 is divided by q(-6)?
2
Suppose -1 = 2*x - 5. Let p(f) = -f - 10. Let t be p(-9). Calculate the remainder when ((-18)/(-18))/(t/(-4)) is divided by x.
0
Suppose 5*d + 7*q = 2*q + 500, -3*d + 5*q = -260. Suppose -d = -8*h - 31. Calculate the remainder when h is divided by 5.
3
Let z(t) = t - 3. Let j be z(6). Suppose j*r - 343 = -19. Suppose 5*n - 2*u = -u + 185, 0 = -n + 4*u + 37. Calculate the remainder when r is divided by n.
34
Let z(d) = -d**2 - 9*d. Let s be z(-8). Let x be s/14*91/26. Suppose x*o = 6*a - a - 14, 5*o = -5*a + 35. Calculate the remainder when 9 is divided by o.
0
Let f(i) = -i**3 + 6*i**2 - 6*i + 7. Let o be f(5). Let m = 10 - o. Calculate the remainder when 31 is divided by (m/(-12) - 0)*-12.
7
Suppose 0*u + 2*u = 0. Suppose u = 3*z + 2*z - 275. Suppose -2*w + 51 = j, -4*j - 36 = -2*w + 40. What is the remainder when z is divided by w?
27
Let b(l) = l - 28. Let d be b(15). Let q(v) = -v + 11. Calculate the remainder when 43 is divided by q(d).
19
Let c = 109 - 97. Suppose -a - 7 = -3*a + o, 0 = -4*o - c. Calculate the remainder when 17 is divided by a.
1
Suppose 0*d + 32 = 2*d. Let j be 63/12*d/6. Suppose n = -g + j, 2*g - 4*n = 2 + 14. What is the remainder when 45 is divided by g?
9
Suppose 71*f - 434 = 9*f. Calculate the remainder when 326 is divided by f.
4
Let c be (2/4)/((-10)/1680). Let n be 2/(-3) + c/(-18). Calculate the remainder when 13 is divided by (-5)/(3/((-12)/n)).
3
Let b(u) = 34*u**2 + 3*u - 3. Suppose 5*j + 5*i = 15, -j - 2*j = 4*i - 11. Calculate the remainder when b(j) is divided by 12.
10
Suppose 0 = -16*a + 26*a - 2110. What is the remainder when a is divided by 54?
49
Let f = 191 + -156. Calculate the remainder when 206 is divided by f.
31
Suppose 25 = 15*u - 35. Calculate the remainder when u is divided by 1.
0
Let r be ((-14)/(-4) - 5)/(3/(-4)). Suppose g - 11 = -w - r, 36 = 4*w + g. Calculate the remainder when 26 is divided by w.
8
Let s(p) = 3*p - 22. Let u be s(6). Let l(o) = 6*o**2 - 3*o - 6. What is the remainder when l(u) is divided by 35?
32
Let k be (20/(-22))/(-5) + 42/11. Suppose k*u - 12 - 12 = 0. What is the remainder when u is divided by 9/(-6)*4/(-3)?
0
Suppose -3*c + 22*c - 3477 = 0. Calculate the remainder when c is divided by 31.
28
Let z = 794 - 744. Suppose 43 = 4*h - 2*v - 27, -h + 2*v + 19 = 0. What is the remainder when z is divided by h?
16
Suppose -4*g = -11*x + 9*x - 690, -g + 180 = 2*x. Let d = g + -28. What is the remainder when d is divided by 50?
46
Suppose 0*a = 2*a - 80. What is the remainder when 155 is divided by a?
35
Suppose 1162*i - 750 = 1159*i. What is the remainder when i is divided by 18?
16
Suppose 20 = 2*n, -3*b + 4*n + 117 - 58 = 0. Let a(z) = 29*z**2 + 1. Let l be a(-1). Suppose 10*o = 5*o + l. What is the remainder when b is divided by o?
3
Let v = 249 + -178. Calculate the remainder when 221 is divided by v.
8
Suppose -3*k + 8*t + 378 = 5*t, 398 = 3*k + 2*t. Let c = k - -29. What is the remainder when c is divided by 32?
31
Suppose 0 = -12*s + 315 + 273. What is the remainder when s is divided by (78/(-4))/(6/(-8))?
23
Suppose -5*u + 47 = -4*h, -2*u - h + 3*h = -18. Suppose -2*f = f + 9. What is the remainder when 0 + (-6)/f + 19 is divided by u?
10
Let y = 598 - 510. What is the remainder when y is divided by 18?
16
Let l be 4 - 5 - (-2 + -151). Let p be 6/42 - l/(-14). Let c = p + -8. Calculate the remainder when 10 is divided by c.
1
Suppose 5*l - u - 36 = 0, 2*l = 2*u - 2 + 10. Calculate the remainder when 18 is divided by l.
2
Let k(b) = 90*b + 1. Let n = 428 - 396. What is the remainder when k(1) is divided by n?
27
Let x(k) = 5*k + 3. Suppose 7*r = 8*r - 2. What is the remainder when 24 is divided by x(r)?
11
Calculate the remainder when 260 is divided by 12/(9 + (-696)/80).
20
Suppose 3*f = 5*w + 172, 182 = 2*f + f + 5*w. What is the remainder when 159 is divided by f?
41
Let p(b) be the second derivative of -b**5/20 + 5*b**4/12 + b**3/2 - b**2/2 - 27*b. Calculate the remainder when p(5) is divided by 5.
4
Suppose y + 2*y + 55 = 4*m, 5*m - 95 = -5*y. Calculate the remainder when 44 is divided by m.
12
Suppose w - 14 = -0*r - r, 5*w = -15. Let l(f) = 13*f - 30. Let m be l(-3). Let g = -4 - m. Calculate the remainder when g is divided by r.
14
Let j(c) = -8*c**3 + 2*c**2. Let y be j(-2). Suppose y*p = 74*p - 296. Calculate the remainder when p is divided by 15.
13
Let v be 4*2 + (-32)/8. Let p = v - -26. What is the remainder when 89 is divided by p?
29
Let o(l) = -55*l - 423. Calculate the remainder when 165 is divided by o(-8).
12
Let n(f) = f**2 - 13*f + 36. What is the remainder when 16 is divided by n(3)?
4
Let r = -358 - -368. Calculate the remainder when 79 is divided by r.
9
Suppose 24*z - 20*z - 5*l = 165, 3*z + 3*l - 144 = 0. Calculate the remainder when z is divided by 6.
3
Suppose 3186 = 19*z + 203. Calculate the remainder when z is divided by 27.
22
Let f = 6 - -2. Suppose 3*b + 1 + f = 0. Calculate the remainder when 93 is divided by 20 + 12/9*b.
13
Let i be 17 + -18 + (408 - 0). Suppose -4*l + 490 = 2*h, i + 320 = 3*h - 2*l. What is the remainder when h is divided by 62?
57
Suppose 2*d = 32*d - 1440. Calculate the remainder when d is divided by (-519)/(-21) + 2/7.
23
Let v = -56 - -53. Calculate the remainder when -7*v*15/9 is divided by (-72)/2*(-1)/2.
17
Suppose -3*h = -2*h - 5*j - 26, -3*h + j = -36. Suppose 88 = v + 1. What is the remainder when v is divided by h?
10
Suppose -p = -5*h + 741, -14*h + 12*h = 5*p - 291. What is the remainder when h is divided by 25?
23
Let v = -219 - -355. Calculate the remainder when v is divided by 75.
61
Let o = 70 - 13. What is the remainder when 341 is divided by o?
56
Let t(a) = -a**3 - a**2 - 2*a + 1. Let j = -246 + 248. Calculate the remainder when t(-2) is divided by j.
1
Suppose 781 + 299 = 6*h. Let k = h + -68. Calculate the remainder when k is divided by 23.
20
Suppose -20 = -2*l - 2*l. Let j = -49 - -51. What is the remainder when (0 - 1)/(j/(-14)) is divided by l?
2
Let k = -951 + 1018. What is the remainder when 174 is divided by k?
40
What is the remainder when 92 + 1/(7/35) is divided by 10?
7
What is the remainder when 1*(30/(-20))/((-3)/202) is divided by 21?
17
Let k be (-6)/14 + (-119)/(-49). Let v(t) = 10*t**3 + 5*t - 5. Calculate the remainder when v(k) is divided by 29.
27
Let k = -643 - -657. Let q be (0 - (1 + -2)) + 2. Calculate the remainder when k is divided by 1/q*(-9)/(-1).
2
Let w = 10499 + -10482. Suppose 3*s - 4*s = -49. Calculate the remainder when s is divided by w.
15
Suppose 3*b - 79 = -2*z + z, 0 = -3*b + z + 83. Calculate the remainder when 106 is divided by b.
25
Let w = -287 - -371. Calculate the remainder when w is divided by 30.
24
Let m = 996 + -947. Calculate the remainder when 77 is divided by m.
28
Suppose 5*n + 4*d = -4 + 59, 5*n + 2*d - 65 = 0. Calculate the remainder when 29 is divided by n.
14
Let x(t) = 2*t - 20*t + 22*t + 2*t**2 - 7. Suppose 0 = -3*r + r + 52. What is the remainder when r is divided by x(-4)?
8
Let m be (-3)/(-9) + (-124)/(-6). Calculate the remainder when